{"id":20,"date":"2018-07-21T12:40:23","date_gmt":"2018-07-21T12:40:23","guid":{"rendered":"http:\/\/www2.kempo-karate.be\/?page_id=20"},"modified":"2025-02-14T15:55:31","modified_gmt":"2025-02-14T13:55:31","slug":"our-clubs-contacts","status":"publish","type":"page","link":"http:\/\/www.kempo-karate.be\/?page_id=20","title":{"rendered":"Clubs"},"content":{"rendered":"\n<h2 class=\"wp-block-heading\">Belgium<\/h2>\n\n\n\n<figure class=\"wp-block-table is-style-regular\" style=\"font-size:10px\"><table class=\"has-fixed-layout\"><tbody><tr><td><strong>City<\/strong><\/td><td><strong>School Name<\/strong><\/td><td><strong>Style<\/strong><\/td><td><strong>Responsible<\/strong><\/td><td><strong>Contact<\/strong><\/td><td><strong>Schedule<\/strong><\/td><td><strong>Socials<\/strong><\/td><\/tr><tr><td>Antwerp<\/td><td>Kempo Silat Linkeroever<\/td><td>Shin Gi Tai Kempo<br>Perguruan Pencak Silat Pamor Badai<\/td><td>Antoon Stessels<\/td><td>Turnzaal Sint-Anna Goethe,&nbsp;Goethestraat 1,&nbsp;2050 Antwerpen<br>+3248752332<br>antoon.stessels@gmail.com<\/td><td>Adults and Kids:<br>Tuesday: 19:30 &gt; 21:30<br>Friday: 19:30 &gt; 21:30<\/td><td><a href=\"https:\/\/kemposilatlinkeroever.wordpress.com\/\">https:\/\/kemposilatlinkeroever.wordpress.com\/<\/a><br><br><a href=\"https:\/\/www.facebook.com\/kemposilatlinkeroever\">https:\/\/www.facebook.com\/kemposilatlinkeroever<\/a><\/td><\/tr><tr><td>Berchem-Ste-Agathe<\/td><td>Shin Gi Tai Rising Sun<\/td><td>Shin Gi Tai Kempo<\/td><td>Fran\u00e7ois Lopez<\/td><td>Rising Sun,&nbsp;Chauss\u00e9e de Gand 1285,&nbsp;1082 Berchem-Sainte-Agathe<br>+3248752332<\/td><td>Adults:<br>Friday: 18:00 &gt; 19:00<br>Saturday: 10:00 &gt; 12:00<br><br>Kids:<br>Monday: 18:00 &gt; 19:00<br>Friday: 17:00 &gt; 18:00<br><\/td><td><a href=\"http:\/\/www.rising-sun.be\/kempo-karate\/\">http:\/\/www.rising-sun.be\/kempo-karate\/<\/a><\/td><\/tr><tr><td>Braine L&#8217;alleud<\/td><td>Kumite Club<\/td><td>Kojin Kempo<\/td><td>Xavier Lemoine<\/td><td>Dojo Gaston REIFF, Rue Ernest Laurent, 215, 1420 Braine l&#8217;Alleud<br>+32478970793<br>xavier2807@hotmail.com<\/td><td>Adults:<br>Mondays: 19:30 &gt; 21:30<br>Wednesdays: 20:00 &gt; 22:00<br>Sunday: 10:00 &gt; 12:00<\/td><td><a href=\"http:\/\/www.kojinkempo.be\/KojinKempoKumite.htm\">http:\/\/www.kojinkempo.be\/KojinKempoKumite.htm<\/a><br><br><a href=\"https:\/\/www.facebook.com\/Kojin-Kempo-252149824995607\/\">https:\/\/www.facebook.com\/Kojin-Kempo-252149824995607\/<\/a><\/td><\/tr><tr><td>Buggenhout<\/td><td><\/td><td>Shin Gi Tai Kempo<\/td><td>Gerd Van Weverberg <\/td><td>Sporthal De Pit<br>Platteput 14,<br>9255 Buggenhout<br>+32476575836<\/td><td><\/td><td><\/td><\/tr><tr><td>Ch\u00e2telet<\/td><td>SDC<\/td><td>Self Defense<\/td><td>Pietro Castellana<\/td><td>Coll\u00e8ge Pie 10<br>Rue Lloyd George, 15<br>6200 Ch\u00e2telet<br>+32472636634<br>sdcselfdefence@gmail.com<\/td><td>Adults:<br>Mondays: 17:00 &gt; 18:30<br>Tuesdays: 17:00 &gt; 18:30<\/td><td><\/td><\/tr><tr><td>\u00c9ghez\u00e9e<\/td><td>SGTK \u00c9ghez\u00e9e<\/td><td>Shin Gi Tai Kempo <\/td><td>Rufin De Man<\/td><td>Rue de la Gare, 5<br>5310 Eghez\u00e9e<br>+32476912345<br>kempo.eghezee@gmail.com<\/td><td>Adults:<br>Sundays: 12:30 &gt; 14:30<\/td><td><\/td><\/tr><tr><td>\u00c9louges<\/td><td>Tai Ki Ken Kempo<\/td><td>Tai ki ken<br>Kempo<\/td><td>Didier Place<br>Olivier Lecomte<\/td><td>Centre sportif d\u2019Elouges, 10 rue de la Tournelle 7370 Elouges<br>placedidier@hotmail.com<\/td><td>Adults:<br>Tuesdays: 18:30 &gt; 20:00<br>Thursdays: 18:30 &gt; 20:00<\/td><td><a href=\"https:\/\/www.facebook.com\/profile.php?id=100094677842139\">https:\/\/www.facebook.com\/profile.php?id=100094677842139<\/a><\/td><\/tr><tr><td>Fontain-l&#8217;\u00c9v\u00e8que<\/td><td><\/td><td>Shin Gi Tai Kempo Self-Defense<\/td><td>Kevin Gilles<\/td><td>Maison des jeunes &#8220;Case D\u00e9part&#8221; asbl<br>Rue Chauss\u00e9e 65,<br>6141 Forchies-la-Marche<br>+32471694923<br>gilleskevin@hotmail.be<\/td><td>Adults and Kids:<br>Fridays: 17:45 &gt; 19:15<\/td><td><a href=\"https:\/\/www.facebook.com\/Selfdefensemjcasedepart\/\">https:\/\/www.facebook.com\/Selfdefensemjcasedepart\/<\/a><\/td><\/tr><tr><td>Geraardsbergen<\/td><td>Club Bushi<\/td><td>Jiu-Jutsi Kempo<\/td><td>Frans Lippens<\/td><td>Grimmingeplein 9a,<br>9506 Grimminge<br>+32 493114144<br><a href=\"mailto:clubbushi.grimminge@gmail.com\" target=\"_blank\" rel=\"noreferrer noopener\">clubbushi.grimminge@gmail.com<\/a><\/td><td>Adults: <br>Wednesdays: 20:30 &gt; 22:00<br>Saturdays: 14:00 &gt; 15:30<\/td><td>h<a href=\"https:\/\/www.facebook.com\/ClubBushi\/\">ttps:\/\/www.facebook.com\/ClubBushi\/<\/a><\/td><\/tr><tr><td>Huissignies<\/td><td>KSDK<\/td><td>Kempo Jia Doshu<\/td><td>David Petitjean<\/td><td><\/td><td><\/td><td><\/td><\/tr><tr><td>Jette<\/td><td>Shin Gi Tai Kempo Jette<\/td><td>Shin Gi Tai Kempo<\/td><td>SGM Daniel Hayen<\/td><td>CAMJ<br>Rue Tilmont 86<br>1090 Bruxelles<br>+32475619419<br><a href=\"mailto:sijo.daniel.hayen@gmail.com\">sijo.daniel.hayen@gmail.com<\/a><\/td><td>Adults: <br>Wednesdays: 19:30 &gt; 21:00<br>Saturdays: 10:30 &gt; 12:00<\/td><td><a href=\"http:\/\/www.kempo-karate.be\/\">http:\/\/www.kempo-karate.be\/<\/a><br><br><a href=\"https:\/\/www.facebook.com\/ShinGiTaiKempoOfficial\/\">https:\/\/www.facebook.com\/ShinGiTaiKempoOfficial\/<\/a><br><br><a href=\"https:\/\/www.instagram.com\/shingitaikempoofficial\/\">https:\/\/www.instagram.com\/shingitaikempoofficial\/<\/a><\/td><\/tr><tr><td>La Bouverie<\/td><td>KSDK<\/td><td>Kempo Jia Doshu<\/td><td>Gennaro Benedetti<\/td><td>Rue Pasteur Bus\u00e9 1a<br>7080 La Bouverie<br>+32496747751<br><a href=\"mailto:senseigennaro@hotmail.com\" target=\"_blank\" rel=\"noreferrer noopener\">senseigennaro@hotmail.com<\/a><\/td><td>Adults and Kids:<br>Mondays: 19:30 &gt; 21:00<br><br>Adults<br>Wednesdays: 19:30 &gt; 21:00<br><br>Kids:<br>Wednesdays: 16:00 &gt; 17:30 <\/td><td><a href=\"https:\/\/www.facebook.com\/Renshi-Gennaro-KSDK-Jia-Doshu-954141261412459\/\">https:\/\/www.facebook.com\/Renshi-Gennaro-KSDK-Jia-Doshu-954141261412459\/<\/a><\/td><\/tr><tr><td>La Louvi\u00e8re<\/td><td>Kempo Karate Shin Gi Tai \/ Shaolin Haine Saint Pierre<\/td><td>Shin Gi Tai Kempo<br>Shaolin<br>Dragon Dance<\/td><td>Franco Macaluso<\/td><td>Rue de la Station 13<br>7100 La Louvi\u00e8re<br>+32499544613<\/td><td>Adults and Kids:<br>Tuesdays: 19:00 &gt; 21:00<br>Thursdays: 19:00 &gt; 21:00<\/td><td><a href=\"https:\/\/www.facebook.com\/pages\/Kempo-Karat\u00e9-Shin-Gi-Tai-Shaolin-Haine-St-Pierre\/1672932543033878\">https:\/\/www.facebook.com\/pages\/Kempo-Karat\u00e9-Shin-Gi-Tai-Shaolin-Haine-St-Pierre\/1672932543033878<\/a><\/td><\/tr><tr><td>Lennik<\/td><td>Black Lotus<\/td><td>Dju Su<br>Kempo<\/td><td>Wim De Boeck<\/td><td>Oude brandweerkazerne van Lennik<br>Karel Keymolenstraat 4, 1750 Lennik<br>+32474335658<br>wim.deboeck@gmail.com<\/td><td>Adults:<br>Mondays: 19:30 &gt; 21:00<br>Thursdays: 19:30 &gt; 21:00<\/td><td><a href=\"https:\/\/www.blacklotus.be\/desktop\/index.html\">https:\/\/www.blacklotus.be\/desktop\/index.html<\/a><\/td><\/tr><tr><td>Merchtem<\/td><td><\/td><td>Seni Silat (Penchak Silat)<\/td><td>Alessandro La Mattina<\/td><td>SportComplex<br>Dendermondestraat 25,<br>1785 Merchtem<br>Alessandro +32491070746\u00a0<\/td><td><\/td><td><\/td><\/tr><tr><td>Monceau-sur-Sambre<\/td><td>Shin Gi Tai Kempo S<\/td><td>Shin Gi Tai Kempo<\/td><td>Simon Laurent <\/td><td>Salle Ballens<br>Rue&nbsp;Albert Camus&nbsp;24<br>6031 Monceau-Sur-Sambre<br>+32488436088<br><a href=\"mailto:kempololo1961@gmail.com\" target=\"_blank\" rel=\"noreferrer noopener\">kempololo1961@gmail.com<\/a><br>+32471645187<br><a href=\"mailto:nico.kempo.s@gmail.com\" target=\"_blank\" rel=\"noreferrer noopener\">nico.kempo.s@gmail.com<\/a><\/td><td><\/td><td><\/td><\/tr><tr><td>Onkerzele<\/td><td>Fukkatsu<\/td><td>Kempo Jiu Jutsu<\/td><td>Stefan Vandenabeele<\/td><td>Provinciaal Domein De Gavers<br>Onkerzelestraat 280<br>9500 Onkerzele<br>+32478413004<br>fukkatsu.belgium@gmail.com<\/td><td>Adults and Kids:<br>Saturdays: 15:00 &gt; 16:30<br><br>Adults:<br>Wednesdays: 19:00 &gt; 20:30<br>Thursdays: 19:30 &gt; 21:00 (Ladies)<\/td><td><a href=\"http:\/\/www.fukkatsu.be\/index.html\">http:\/\/www.fukkatsu.be\/index.html<\/a><br><br><a href=\"https:\/\/www.facebook.com\/fukkatsu.world\/\">https:\/\/www.facebook.com\/fukkatsu.world\/<\/a><\/td><\/tr><tr><td>Schelle<\/td><td><\/td><td>Shin Gi Tai Kempo<\/td><td>Nordine Amekran<\/td><td>Sporthal Schelle<br>Fabiolalaan 55<br>2627&nbsp;Schelle<br>+32484721974<\/td><td>Kids:<br>Wednesdays:  15:00 &gt; 16:30<\/td><td><a href=\"https:\/\/www.facebook.com\/nordine.amekran.5\">https:\/\/www.facebook.com\/nordine.amekran.5<\/a><\/td><\/tr><tr><td>Schepdaal (HQ)<\/td><td>Shin Gi Tai Kempo<\/td><td>Shin Gi Tai Kempo<\/td><td>SGM Daniel Hayen<\/td><td>Sporthal Caerenbergveld,&nbsp;Kerkhofstraat 13,&nbsp;1703 Schepdaal (Dilbeek)<br>+32475619419<br><a href=\"mailto:sijo.daniel.hayen@gmail.com\">sijo.daniel.hayen@gmail.com<\/a><\/td><td>Adults:<br>Fridays: 20:00 &gt; 21:30<br>Sundays: 10:00 &gt; 12:00<br><br>Kids:<br>Fridays: 19:00 &gt; 20:00<\/td><td><a href=\"http:\/\/www.kempo-karate.be\/https:\/\/www.facebook.com\/ShinGiTaiKempoOfficial\/https:\/\/www.instagram.com\/shingitaikempoofficial\/\">http:\/\/www.kempo-karate.be\/<br><br>https:\/\/www.facebook.com\/ShinGiTaiKempoOfficial\/<br><br>https:\/\/www.instagram.com\/shingitaikempoofficial\/<\/a><\/td><\/tr><tr><td>Tubize<\/td><td>Shin Gi Tai Kempo Tubize<\/td><td>Shin Gi Tai Kempo<\/td><td>Micha\u00ebl Perez<\/td><td>Chauss\u00e9e d&#8217;Enghien 225,&nbsp;1480 Tubize<br>+32494517062<br>karatedo84@gmail.com<\/td><td>Adults and Kids:<br>Wednesdays: 18:30 &gt; 20:00<br>Sundays: 10:00 &gt; 11:30<\/td><td><a href=\"https:\/\/www.shin-gi-tai-kempo-ichiban-dojo.be\/\">https:\/\/www.shin-gi-tai-kempo-ichiban-dojo.be\/<\/a><\/td><\/tr><tr><td>Wingene<\/td><td>Kickboxing Wingene<\/td><td>Kick Sport Kempo<\/td><td>Bart De Meyer<\/td><td>Sporthal Wingene &#8211; De Tuimelaar<br>Beernemstraat 23<br>8750 Wingene<\/td><td>Adults;<br>Tuesdays: 20:00 &gt; 21:30<br>Thursdays: 20:00 &gt; 21:30<br><br>Kids: <br>Tuesdays: 18:00 &gt; 19:00<br>Thursdays: 19:00 &gt; 20:00<br><br>Competition Team:<br>Tuesdays: 19:00 &gt; 20:00<br>Thursdays: 19:00 &gt; 20:00<\/td><td><a href=\"https:\/\/www.kickbox-wingene.be\/\">https:\/\/www.kickbox-wingene.be\/<\/a><br><br><a href=\"https:\/\/www.facebook.com\/people\/Kick-West-Wingene\/100009504308869\">https:\/\/www.facebook.com\/people\/Kick-West-Wingene\/100009504308869<\/a><\/td><\/tr><\/tbody><\/table><\/figure>\n\n\n\n<h2 class=\"wp-block-heading\">France<\/h2>\n\n\n\n<figure class=\"wp-block-table is-style-regular\" style=\"font-size:10px\"><table class=\"has-fixed-layout\"><tbody><tr><td><strong>City<\/strong><\/td><td><strong>School Name<\/strong><\/td><td><strong>Style<\/strong><\/td><td><strong>Responsible<\/strong><\/td><td><strong>Contact<\/strong><\/td><td><strong>Schedule<\/strong><\/td><td><strong>Socials<\/strong><\/td><\/tr><tr><td>Audenge<\/td><td>Kempo-Self-Defense Audengeois<\/td><td>Shin Gi Tai Kempo<br>Kempo Self Defense<\/td><td>Serge Weiss<\/td><td>Rue du Tessillat 15<br>33980 Audenge<br>+33699315773<br><a href=\"mailto:bushi0366@gmail.com\" target=\"_blank\" rel=\"noreferrer noopener\">bushi0366@gmail.com<\/a><\/td><td><\/td><td><a href=\"https:\/\/www.facebook.com\/Kempo-self-d\u00e9fense-Audenge-533812920089325\/\">https:\/\/www.facebook.com\/Kempo-self-d\u00e9fense-Audenge-533812920089325\/<\/a><\/td><\/tr><tr><td>La Garnache<\/td><td>SGTKempo La Garnache<\/td><td>Shin Gi Tai Kempo <\/td><td>C\u00e9dric Merlaud<\/td><td>Rue de Nantes, 9<br>85710 La Garnache<br>+33699160924<\/td><td>Adults;<br>Tuesdays: 19:30 &gt; 21:00<br>Thursdays: 19:30 &gt; 21:00<br><br>Kids:<br>Tuesdays: 18:30 &gt; 19:30 <\/td><td><a href=\"http:\/\/kempo.lagarnache.free.fr\/Club\/club.html\">http:\/\/kempo.lagarnache.free.fr\/Club\/club.html<\/a><br><br><a href=\"https:\/\/www.facebook.com\/shingitai.kempo.5?lst=532110707%3A100004336724158%3A1532787014\">https:\/\/www.facebook.com\/shingitai.kempo.5?lst=532110707%3A100004336724158%3A1532787014<\/a><\/td><\/tr><tr><td>La Rochette<\/td><td>SGTKempo &#8211; La Rochette<\/td><td>Shin Gi Tai Kempo<\/td><td>Vito Carlucci<\/td><td>Salle du Castellet<br>73110 Villard Sallet<br>+33661980211<\/td><td>Adults:<br>Wednesdays: 19:15 &gt; 21:15<br>Fridays: 19:15 &gt; 21:15<br><br>Kids:<br>Wednesdays: 17:00 &gt; 17:45 (Baby)<br>Wednesdays: 18:00 &gt; 19:00<br>Fridays: 18:00 &gt; 19:00<\/td><td><a href=\"http:\/\/shin-gi-tai-kempo.e-monsite.com\">http:\/\/shin-gi-tai-kempo.e-monsite.com<\/a><\/td><\/tr><\/tbody><\/table><\/figure>\n\n\n\n<h2 class=\"wp-block-heading\">Greece<\/h2>\n\n\n\n<figure style=\"font-size:10px\" class=\"wp-block-table\"><table class=\"has-fixed-layout\"><tbody><tr><td><strong>City<\/strong><\/td><td><strong>School Name<\/strong><\/td><td><strong>Style<\/strong><\/td><td><strong>Responsible<\/strong><\/td><td><strong>Contact<\/strong><\/td><td><strong>Schedule<\/strong><\/td><td><strong>Socials<\/strong><\/td><\/tr><tr><td>Volos<\/td><td>SGTK &#8211; Volos<\/td><td>Shin Gi Tai Kempo<\/td><td>Lagos Athanasios<\/td><td>Sefel 19<br>Volos<br>+306938471938<br><a href=\"mailto:born-tofight@hotmail.com\" target=\"_blank\" rel=\"noreferrer noopener\">born-tofight@hotmail.com<\/a><\/td><td>Adults:<br>Mondays to Fridays: 10:00 &gt; 12:00<br>Saturdays to Sundays:<br>19:00 &gt; 21:00 <\/td><td><a href=\"https:\/\/www.facebook.com\/SGT-Kempo-Fight-Academy-Pro-Self-Defence-Street-Fighting-737529826283350\/?timeline_context_item_type=intro_card_work&amp;timeline_context_item_source=100008879264466\">https:\/\/www.facebook.com\/SGT-Kempo-Fight-Academy-Pro-Self-Defence-Street-Fighting-737529826283350\/?timeline_context_item_type=intro_card_work&amp;timeline_context_item_source=100008879264466<\/a><\/td><\/tr><\/tbody><\/table><\/figure>\n\n\n\n<h2 class=\"wp-block-heading\">Iceland<\/h2>\n\n\n\n<figure style=\"font-size:10px\" class=\"wp-block-table\"><table class=\"has-fixed-layout\"><tbody><tr><td><strong>City<\/strong><\/td><td><strong>School Name<\/strong><\/td><td><strong>Style<\/strong><\/td><td><strong>Responsible<\/strong><\/td><td><strong>Contact<\/strong><\/td><td><strong>Schedule<\/strong><\/td><td><strong>Socials<\/strong><\/td><\/tr><tr><td>Rey\u00f0arfj\u00f6r\u00f0ur<\/td><td>Iceland Combat Arts \u2013East Iceland Branch<\/td><td>Shin Gi Tai Kempo<\/td><td>Sigurgeir Svanbergsson<\/td><td>Strandgata 87<br>730 Rey\u00f0arfj\u00f6r\u00f0ur<br>+3547881219<br><a href=\"mailto:icelandcombatarts@gmail.com\" target=\"_blank\" rel=\"noreferrer noopener\">icelandcombatarts@gmail.com<\/a><\/td><td>Adults:<br>Tuesdays: 18:00 &gt; 20:00<br>Thursdays: 18:00 &gt; 20:00<br>Saturdays: 17:30 &gt; 19:30<\/td><td><a href=\"https:\/\/www.facebook.com\/icecombatarts\/\">https:\/\/www.facebook.com\/icecombatarts\/<\/a><\/td><\/tr><tr><td>Reykjavik<\/td><td>Iceland Combat Arts &#8211; Shin Gi Tai Kempo Iceland<\/td><td>Shin Gi Tai Kempo<\/td><td>Mel Halidesson<br>Hakon Bragi magnusson<\/td><td>\u00c1rm\u00fali 17a<br>108 Reykjav\u00edk<br>+3546937579<br><a href=\"mailto:info@parduscombatsystem.com\">info@parduscombatsystem.com<\/a><\/td><td>Adults:<br>Tuesdays: 20:00 &gt; 22:00<br>Thursdays: 20 &gt; 22:00<\/td><td><a href=\"https:\/\/www.facebook.com\/icecombatarts\/\">https:\/\/www.facebook.com\/icecombatarts\/<\/a><\/td><\/tr><\/tbody><\/table><\/figure>\n\n\n\n<h2 class=\"wp-block-heading\">Morocco<\/h2>\n\n\n\n<figure style=\"font-size:10px\" class=\"wp-block-table\"><table class=\"has-fixed-layout\"><tbody><tr><td><strong>City<\/strong><\/td><td><strong>School Name<\/strong><\/td><td><strong>Style<\/strong><\/td><td><strong>Responsible<\/strong><\/td><td><strong>Contact <\/strong><\/td><td><strong>Schedule<\/strong><\/td><td><strong>Socials<\/strong><\/td><\/tr><tr><td>Casablanca<\/td><td>Shin Gi Tai Kempo Maroc<\/td><td>Shin Gi Tai Kempo<\/td><td>Abderrazak Amane<\/td><td>+212604504520<br>&nbsp;<a href=\"mailto:kajukembo_amane@yahoo.com\" target=\"_blank\" rel=\"noreferrer noopener\">kajukembo_amane@yahoo.com<\/a><\/td><td><\/td><td><a href=\"https:\/\/www.facebook.com\/abderrazzakamane64\/\">https:\/\/www.facebook.com\/abderrazzakamane64\/<\/a><\/td><\/tr><\/tbody><\/table><\/figure>\n\n\n\n<h2 class=\"wp-block-heading\">Netherlands<\/h2>\n\n\n\n<figure style=\"font-size:10px\" class=\"wp-block-table\"><table class=\"has-fixed-layout\"><tbody><tr><td><strong>City<\/strong><\/td><td><strong>School Name<\/strong><\/td><td><strong>Style<\/strong><\/td><td><strong>Responsible<\/strong><\/td><td><strong>Contact<\/strong><\/td><td><strong>Schedule<\/strong><\/td><td><strong>Socials<\/strong><\/td><\/tr><tr><td>Zieuwent<\/td><td>Kempo Kajukenbo Bond Nederland<\/td><td>Shin Gi Tai Kempo<br>Kajukenbo <br>Kickboxing<\/td><td>David Zeelmaekers<\/td><td>Camping Woltas, Zieuwent<br>Zieuwentseweg 53a<br>7136 LA Zieuwent<br>+31651914954<br>&nbsp;<a href=\"mailto:info@kempokajukenbo.nl\" target=\"_blank\" rel=\"noreferrer noopener\">info@kempokajukenbo.nl<\/a><\/td><td>Adults:<br>Mondays: 19:00 &gt; 20:00 (Kempo) <br>Mondays: 20:00 &gt; 21:00 (Kickboxing)<br>Thursdays: 19:00 &gt; 20:00 (Kempo)<br>Thursdays: 20:00 &gt; 21:00 (Kickboxing)<\/td><td><a href=\"http:\/\/www.kempokajukenbo.nl\">http:\/\/www.kempokajukenbo.nl<\/a><br><br><a href=\"https:\/\/www.facebook.com\/Kempo-Kajukenbo-Bond-Nederland-151342551588168\/\">https:\/\/www.facebook.com\/Kempo-Kajukenbo-Bond-Nederland-151342551588168\/<\/a><\/td><\/tr><\/tbody><\/table><\/figure>\n\n\n\n<h2 class=\"wp-block-heading\">Portugal<\/h2>\n\n\n\n<figure style=\"font-size:10px\" class=\"wp-block-table\"><table class=\"has-fixed-layout\"><tbody><tr><td><strong>City<\/strong><\/td><td><strong>School Name<\/strong><\/td><td><strong>Style<\/strong><\/td><td><strong>Responsible<\/strong><\/td><td><strong>Contact<\/strong><\/td><td><strong>Schedule<\/strong><\/td><td><strong>Socials<\/strong><\/td><\/tr><tr><td>Abrantes<\/td><td><\/td><td>Shin Gi Tai Kempo<br>Tactical Kempo System<\/td><td>Alexandre<\/td><td>R. da Esta\u00e7\u00e3o de Alferrarede 5<br>2200-055 Abrantes, Portugal<br>+351 968906877<br>geral.astm@gmail.com<\/td><td>Adults:<br>Mondays: 19:30 &gt; 21:00<br>Tuesdays: 19:30 &gt; 21:00<br>Wednesdays: 19:30 &gt; 21:00<\/td><td><a href=\"https:\/\/www.facebook.com\/profile.php?id=100083995802303\">https:\/\/www.facebook.com\/profile.php?id=100083995802303<\/a><br><br><a href=\"https:\/\/www.instagram.com\/tactical_kenpo_system\/\">https:\/\/www.instagram.com\/tactical_kenpo_system\/<\/a><\/td><\/tr><tr><td>Agualva-Cac\u00e9m<\/td><td><\/td><td>Shin Gi Tai Kempo<br>Tactical Kempo System<\/td><td>Miguel Otero<\/td><td>NTAC &#8211; N\u00facleo de Taekwondo de Agualva-Cac\u00e9m, Av. Cidade de Londres 11A Loja B, 2735-457 Agualva-Cac\u00e9m<br>+351 968906877<\/td><td>Adults: <br>Mondays: 21:00 &gt; 22:00<br>Wednesdays: 21:00 &gt; 22:00<\/td><td><a href=\"https:\/\/www.facebook.com\/profile.php?id=100083995802303https:\/\/www.instagram.com\/tactical_kenpo_system\/\">https:\/\/www.facebook.com\/profile.php?id=100083995802303<br><br>https:\/\/www.instagram.com\/tactical_kenpo_system\/<\/a><\/td><\/tr><tr><td>Santa Iria de Azoia<\/td><td><\/td><td>Shin Gi Tai Kempo <\/td><td>Nuno Stichini Santos<\/td><td>Carnaxide fire department gym.<br>R. Alto da Cruzinha 20, 2690-454 Santa Iria de Azoia<br>+32475619419<\/td><td>Adults:<br>Tuesdays: 19:30 &gt; 20:30<br>Saturdays: 10:30 &gt; 11:30<br><br>Kids:<br>Tuesdays: 18:30 &gt; 19:15<br>Tuesdays: 19:00 &gt; 19:45 (Teens)<br>Saturdays: 09:30 &gt; 10:15<br>Saturdays: 10:00 &gt; 10:45 (Teens)<\/td><td><a href=\"https:\/\/www.facebook.com\/profile.php?id=100083995802303https:\/\/www.instagram.com\/tactical_kenpo_system\/\">https:\/\/www.facebook.com\/profile.php?id=100083995802303<br><br>https:\/\/www.instagram.com\/tactical_kenpo_system\/<\/a><\/td><\/tr><\/tbody><\/table><\/figure>\n\n\n\n<p><\/p>\n","protected":false},"excerpt":{"rendered":"<p>Belgium CitySchool NameStyleResponsibleContactScheduleSocialsAntwerpKempo Silat LinkeroeverShin Gi Tai KempoPerguruan Pencak Silat Pamor BadaiAntoon StesselsTurnzaal Sint-Anna Goethe,&nbsp;Goethestraat 1,&nbsp;2050 Antwerpen+3248752332antoon.stessels@gmail.comAdults and Kids:Tuesday: 19:30 &gt; 21:30Friday: 19:30 &gt; 21:30https:\/\/kemposilatlinkeroever.wordpress.com\/https:\/\/www.facebook.com\/kemposilatlinkeroeverBerchem-Ste-AgatheShin Gi Tai Rising SunShin Gi Tai KempoFran\u00e7ois LopezRising Sun,&nbsp;Chauss\u00e9e de Gand 1285,&nbsp;1082 Berchem-Sainte-Agathe+3248752332Adults:Friday: 18:00 &gt; 19:00Saturday: 10:00 &gt; 12:00Kids:Monday: 18:00 &gt; 19:00Friday: 17:00 &gt; 18:00http:\/\/www.rising-sun.be\/kempo-karate\/Braine L&#8217;alleudKumite ClubKojin KempoXavier LemoineDojo Gaston&#8230; <\/p>\n<div class=\"read-more navbutton\"><a href=\"http:\/\/www.kempo-karate.be\/?page_id=20\">Read More<i class=\"fa fa-angle-double-right\"><\/i><\/a><\/div>\n","protected":false},"author":2,"featured_media":0,"parent":0,"menu_order":0,"comment_status":"closed","ping_status":"closed","template":"","meta":{"footnotes":""},"class_list":["post-20","page","type-page","status-publish","hentry"],"_links":{"self":[{"href":"http:\/\/www.kempo-karate.be\/index.php?rest_route=\/wp\/v2\/pages\/20","targetHints":{"allow":["GET"]}}],"collection":[{"href":"http:\/\/www.kempo-karate.be\/index.php?rest_route=\/wp\/v2\/pages"}],"about":[{"href":"http:\/\/www.kempo-karate.be\/index.php?rest_route=\/wp\/v2\/types\/page"}],"author":[{"embeddable":true,"href":"http:\/\/www.kempo-karate.be\/index.php?rest_route=\/wp\/v2\/users\/2"}],"replies":[{"embeddable":true,"href":"http:\/\/www.kempo-karate.be\/index.php?rest_route=%2Fwp%2Fv2%2Fcomments&post=20"}],"version-history":[{"count":98,"href":"http:\/\/www.kempo-karate.be\/index.php?rest_route=\/wp\/v2\/pages\/20\/revisions"}],"predecessor-version":[{"id":5797,"href":"http:\/\/www.kempo-karate.be\/index.php?rest_route=\/wp\/v2\/pages\/20\/revisions\/5797"}],"wp:attachment":[{"href":"http:\/\/www.kempo-karate.be\/index.php?rest_route=%2Fwp%2Fv2%2Fmedia&parent=20"}],"curies":[{"name":"wp","href":"https:\/\/api.w.org\/{rel}","templated":true}]}}